807 - 1?
-1808
In base 3, what is -222 - 10?
-1002
In base 4, what is 12 + -2?
10
In base 5, what is -41 - -134?
43
In base 4, what is 10 + 33?
103
In base 6, what is 3335 - -21?
3400
In base 7, what is -42 - 323?
-365
In base 3, what is 2101 - -2102?
11210
In base 4, what is -11323 + -1?
-11330
In base 6, what is -201533 + 0?
-201533
In base 16, what is 2fb - -5?
300
In base 11, what is -35 - -21?
-14
In base 6, what is 240 + -4?
232
In base 13, what is -29 - -2?
-27
In base 2, what is -1110010101 - -1101?
-1110001000
In base 16, what is 0 - -455?
455
In base 5, what is -31 - 121?
-202
In base 7, what is -5 + 122?
114
In base 13, what is 8 - -7?
12
In base 15, what is -260 + -6?
-266
In base 4, what is 21222 - 3?
21213
In base 13, what is -a - -3?
-7
In base 13, what is -18 - 98?
-b3
In base 11, what is -5 + 1a0?
196
In base 2, what is 100111 + 110000?
1010111
In base 6, what is -44 + -14?
-102
In base 5, what is 211204 + 10?
211214
In base 2, what is -101001011 + -100?
-101001111
In base 10, what is -17 - 94?
-111
In base 4, what is -221011 + -2?
-221013
In base 6, what is 1503 - -1?
1504
In base 9, what is -8 - -1216?
1207
In base 4, what is -10323 - 10?
-10333
In base 10, what is 0 + -15?
-15
In base 15, what is 1b + -5?
16
In base 16, what is 246 + -2?
244
In base 9, what is -227 - -7?
-220
In base 8, what is -3 - 167?
-172
In base 6, what is -35 + -2003?
-2042
In base 8, what is 446 - 0?
446
In base 10, what is 60 - -173?
233
In base 9, what is -5 - 167?
-173
In base 11, what is -27 - 8?
-34
In base 5, what is -103 - 142?
-300
In base 4, what is 3311 + 31?
10002
In base 9, what is -536 - 52?
-588
In base 13, what is -4 + -21?
-25
In base 13, what is -1 - -171b?
171a
In base 14, what is -c + -321?
-32d
In base 15, what is 4 + -42?
-3d
In base 12, what is 36 + -31?
5
In base 3, what is 1011 + 1?
1012
In base 16, what is 4 + -57?
-53
In base 7, what is 1 - 11?
-10
In base 5, what is 443 - 121?
322
In base 15, what is -3de + 4?
-3da
In base 8, what is -10415 + -4?
-10421
In base 8, what is 500 + 7?
507
In base 5, what is 4 + 2131?
2140
In base 12, what is -4 - 2a?
-32
In base 15, what is -11 + -21?
-32
In base 2, what is 100010100111 - 1?
100010100110
In base 13, what is -ab + 36?
-75
In base 2, what is -100 - 10011001?
-10011101
In base 14, what is 89 - 0?
89
In base 2, what is -1000010000 - 0?
-1000010000
In base 13, what is -1ca + -1?
-1cb
In base 13, what is 3 + -12c2?
-12bc
In base 14, what is -40 + -94?
-d4
In base 9, what is 1 - -344?
345
In base 13, what is -1 - 74a?
-74b
In base 9, what is 2 + -380?
-377
In base 14, what is -8 - 103?
-10b
In base 7, what is -2 + 1442?
1440
In base 10, what is 5608 + -4?
5604
In base 5, what is -13 + 2?
-11
In base 9, what is 4 + 356?
361
In base 12, what is 3 - -14?
17
In base 5, what is -222 + 42?
-130
In base 16, what is -67 - -1?
-66
In base 16, what is 4 + -391?
-38d
In base 10, what is 1173 - 3?
1170
In base 16, what is 40 + 2?
42
In base 5, what is 2 + -1114?
-1112
In base 15, what is 24 + 4d?
72
In base 16, what is 3 + 11a6?
11a9
In base 15, what is -3 - 27?
-2a
In base 14, what is -19 - 5d?
-78
In base 3, what is -10110010 - 10?
-10110020
In base 6, what is -14 + -204?
-222
In base 9, what is -23 + 3?
-20
In base 11, what is 2414 - 3?
2411
In base 7, what is 16 - -2202?
2221
In base 10, what is -1236 + 4?
-1232
In base 11, what is -74 - -8?
-67
In base 3, what is 21 + -21002?
-20211
In base 8, what is -12 - -141?
127
In base 10, what is 3455 - -1?
3456
In base 15, what is 6 + 0?
6
In base 14, what is -111 + 6?
-109
In base 7, what is 16 + 13?
32
In base 12, what is -3 + 62?
5b
In base 12, what is 0 - -18?
18
In base 13, what is -730 - 2?
-732
In base 16, what is 6 + 17?
1d
In base 11, what is -2 - -285?
283
In base 4, what is -1322 + 22?
-1300
In base 5, what is 2 + 1233?
1240
In base 15, what is -13e + 1?
-13d
In base 3, what is -2012 + -122?
-2211
In base 4, what is -33003 - 22?
-33031
In base 14, what is -4 + -43d?
-443
In base 13, what is -2 - 162?
-164
In base 13, what is 1 + -31?
-30
In base 8, what is -3 + -5417?
-5422
In base 10, what is -3559 - -2?
-3557
In base 15, what is -21 - -bc?
9b
In base 4, what is 3 + 3111?
3120
In base 4, what is 1010 - -1?
1011
In base 3, what is 1 - -11201?
11202
In base 14, what is 59 + 5?
60
In base 3, what is -12100 + -201?
-20001
In base 11, what is -648 + 12?
-636
In base 10, what is 1 + -2855?
-2854
In base 15, what is -162 + 2?
-160
In base 14, what is -a - -193?
187
In base 2, what is 1000110110 + 101?
1000111011
In base 7, what is 23261 + -1?
23260
In base 4, what is -2000 - -11?
-1323
In base 10, what is -3 + -6209?
-6212
In base 2, what is -1 + 1110000110?
1110000101
In base 8, what is 2 - 143?
-141
In base 11, what is 67 - 4?
63
In base 9, what is 4 - 180?
-175
In base 2, what is 11 - 101000?
-100101
In base 12, what is 264 - -4?
268
In base 8, what is -103 + -6?
-111
In base 11, what is 9 - -27?
35
In base 7, what is -3 + -1654?
-1660
In base 5, what is -140 - -123?
-12
In base 5, what is 132 + -124?
3
In base 8, what is 102 - -36?
140
In base 2, what is 101111000 - 11?
101110101
In base 14, what is -4a + -2?
-4c
In base 14, what is -2 + 18b?
189
In base 5, what is 40 + 40?
130
In base 4, what is -2 + -20010?
-20012
In base 7, what is -1 + 11?
10
In base 2, what is -1101011 - 1010?
-1110101
In base 2, what is -100000011 + 100?
-11111111
In base 6, what is -4 + 1005?
1001
In base 14, what is 1 + 119?
11a
In base 5, what is 230 - -420?
1200
In base 9, what is 30 + 4?
34
In base 2, what is -11001 - 10010?
-101011
In base 16, what is -1 + 4?
3
In base 5, what is -22 - -1032?
1010
In base 11, what is -26 + 2?
-24
In base 2, what is 1 - -11110010?
11110011
In base 10, what is -1 - -31?
30
In base 13, what is -18 + 7?
-11
In base 4, what is 0 - -322?
322
In base 3, what is -1020 - -120?
-200
In base 16, what is -a - -2c?
22
In base 16, what is -7 + -21?
-28
In base 4, what is 10 - -1132?
1202
In base 2, what is -101111 - 11?
-110010
In base 12, what is -4 + 90?
88
In base 11, what is -2 + -320?
-322
In base 16, what is 58f - 1?
58e
In base 11, what is 41 + 11?
52
In base 6, what is 10 - 101?
-51
In base 9, what is 2503 - 8?
2484
In base 5, what is -1 - -1430?
1424
In base 13, what is -1b + -12a?
-148
In base 8, what is 13 - 1?
12
In base 2, what is -1000101 - -10011010?
1010101
In base 13, what is 15 + -11?
4
In base 16, what is 5 + 198?
19d
In base 14, what is -5 - -30?
29
In base 14, what is -7 - 4d?
-56
In base 4, what is -11 + 200?
123
In base 11, what is -2799 + 2?
-2797
In base 11, what is 210 - -4?
214
In base 16, what is -3 + 182?
17f
In base 16, what is -2 + 223?
221
In base 16, what is be7 - -5?
bec
In base 11, what is 320 + -5?
316
In base 7, what is 3320 + 1?
3321
In base 16, what is -259 - 3?
-25c
In base 3, what is -1010011 - -1?
-1010010
In base 11, what is 4 - -107?
110
In base 5, what is -1012 + -3?
-1020
In base 3, what is -20 + 0?
-20
In base 6, what is 3 + 125?
132
In base 14, what is -7 - 16b?
-174
In base 14, what is -2 - 2?
-4
In base 11, what is -1a - -32?
13
In base 9, what is -301 - 7?
-308
In base 7, what is 554 + 10?
564
In base 5, what is 10 + 223?
233
In base 9, what is -158 - 0?
-158
In base 14, what is -2 - 20?
-22
In base 9, what is -875 + -13?
-888
In base 16, what is 5 - 6e8?
-6e3
In base 16, what is 15 - 2?
13
In base 12, what is 6a - b?
5b
In base 16, what is 17f - 0?
17f
In base 10, what is 4 + 554?
558
In base 6, what is 4431 - 1?
4430
In base 13, what is -1b3 - -3?
-1b0
In base 16, what is 17b9 + -4?
17b5
In base 6, what is -4 + -24?
-32
In base 11, what is -5 + 449?
444
In base 7, what is -3 - -5662?
5656
In base 3, what is -121 + 21000?
20102
In base 13, what is 14 + 10?
24
In base 8, what is -5 - -67?
62
In base 13, what is -3 - 4b?
-51
In base 7, what is -3 - 62?
-65
In base 11, what is 61 + -1?
60
In base 11, what is -1 - 61?
-62
In base 4, what is -1030 - -121?
-303
In base 6, what is -2512 + 2?
-2510
In base 2, what is 11 + 110?
1001
In base 7, what is -20 - -24?
4
In base 14, what is 22cc + 5?
22d3
In base 4, what is 0 - -2000011?
2000011
In base 8, what is 4 + -373?
-367
In base 15, what is -4 - -101?
ec
In base 7, what is -4 + -331?
-335
In base 9, what is -14 + -78?
-103
In base 12, what is -1